{"id":115,"date":"2023-05-26T11:10:25","date_gmt":"2023-05-26T09:10:25","guid":{"rendered":"https:\/\/igeo.ujk.edu.pl\/home\/?page_id=115"},"modified":"2024-02-20T11:40:54","modified_gmt":"2024-02-20T10:40:54","slug":"zaklad-geomorfologii-i-geoarcheologii","status":"publish","type":"page","link":"https:\/\/igeo.ujk.edu.pl\/index.php\/zaklad-geomorfologii-i-geoarcheologii\/","title":{"rendered":"Zak\u0142ad Geomorfologii i Geoarcheologii"},"content":{"rendered":"<ul style=\"list-style-type: disc;\">\n<li>dr hab. Tomasz Kalicki, prof. UJK &#8211; kierownik<a href=\"mailto:tomasz.kalicki@ujk.edu.pl\"> <span style=\"color: #0000ff;\">tomasz.kalicki@ujk.edu.pl<\/span><\/a><\/li>\n<li>prof.dr hab. Sergii Bortnyk<a href=\"mailto:bortnyks@ujk.edu.pl\"> <span style=\"color: #0000ff;\">bortnyks@ujk.edu.pl<\/span><\/a><\/li>\n<li>dr hab. in\u017c. Anna \u015awiercz, prof. UJK<a href=\"mailto:anna.swiercz@ujk.edu.pl\"> <span style=\"color: #0000ff;\">anna.swiercz@ujk.edu.pl <\/span><\/a><\/li>\n<li>dr hab. Artur Zieli\u0144ski, prof UJK<a href=\"mailto:artur.zielinski@ujk.edu.pl\"> <span style=\"color: #0000ff;\">artur.zielinski@ujk.edu.pl<\/span><\/a><\/li>\n<li>dr Marcin Fr\u0105czek<a href=\"mailto:marcin.fraczek@ujk.edu.pl\"> <span style=\"color: #0000ff;\">marcin.fraczek@ujk.edu.pl<\/span><\/a><\/li>\n<li>dr Pawe\u0142 Przepi\u00f3ra<a href=\"mailto:pawel.przepiora@ujk.edu.pl\"> <span style=\"color: #0000ff;\">pawel.przepiora@ujk.edu.pl<\/span><\/a><\/li>\n<li>dr in\u017c. Monika \u017belezik<a href=\"mailto:monika.zelezik@ujk.edu.pl\"> <span style=\"color: #0000ff;\">monika.zelezik@ujk.edu.pl<\/span><\/a><\/li>\n<\/ul>\n<h3 style=\"text-align: justify;\">Tematyka<\/h3>\n<h3 style=\"text-align: justify;\"><b>Prace realizowane w zak\u0142adzie:<\/b><\/h3>\n<ul>\n<li>geomorfologia fluwialna,<\/li>\n<li>paleogeografia czwartorz\u0119du ze szczeg\u00f3\u0142nym uwzgl\u0119dnieniem holocenu,<\/li>\n<li>geoarcheologia (opracowania \u015brodowiskowe stanowisk archeologicznych i ekspertyzy geoarcheologiczne),<\/li>\n<li>opracowania sozologiczne (arkusze map sozologicznych),<\/li>\n<li>opracowania operat\u00f3w przyrody nieo\u017cywionej i gleb,<\/li>\n<li>kartowania geomorfologiczne i geologia czwartorz\u0119du,<\/li>\n<li>analizy sedymentologiczne osad\u00f3w,<\/li>\n<li>analizy geochemiczne, (zwi\u0105zki perfluorowodorowe, jedno z 5 laboratori\u00f3w na \u015bwiecie),<\/li>\n<li>analizy geofizyczne,<\/li>\n<li>wykonanie p\u0142ytkich odwiert\u00f3w geologicznych,<\/li>\n<li>datowanie osad\u00f3w (metody TL\/OSL).<\/li>\n<\/ul>\n<p style=\"text-align: justify;\">Strona internetowa zak\u0142adu: <a href=\"https:\/\/zgg.ujk.edu.pl\/\" target=\"_blank\" rel=\"noopener\"><span style=\"color: #0000ff;\"> https:\/\/zgg.ujk.edu.pl\/<\/span><\/a><\/p>\n","protected":false},"excerpt":{"rendered":"<p>dr hab. Tomasz Kalicki, prof. UJK &#8211; kierownik tomasz.kalicki@ujk.edu.pl prof.dr hab. Sergii Bortnyk bortnyks@ujk.edu.pl dr hab. in\u017c. Anna \u015awiercz, prof. UJK anna.swiercz@ujk.edu.pl dr hab. Artur Zieli\u0144ski, prof UJK artur.zielinski@ujk.edu.pl dr Marcin Fr\u0105czek marcin.fraczek@ujk.edu.pl dr Pawe\u0142 Przepi\u00f3ra pawel.przepiora@ujk.edu.pl dr in\u017c. Monika \u017belezik monika.zelezik@ujk.edu.pl Tematyka Prace realizowane w zak\u0142adzie: geomorfologia fluwialna, paleogeografia czwartorz\u0119du ze szczeg\u00f3\u0142nym uwzgl\u0119dnieniem holocenu, [&hellip;]<\/p>\n","protected":false},"author":1,"featured_media":0,"parent":0,"menu_order":0,"comment_status":"closed","ping_status":"closed","template":"","meta":{"om_disable_all_campaigns":false,"_monsterinsights_skip_tracking":false,"_monsterinsights_sitenote_active":false,"_monsterinsights_sitenote_note":"","_monsterinsights_sitenote_category":0,"ngg_post_thumbnail":0,"footnotes":""},"class_list":["post-115","page","type-page","status-publish","hentry"],"publishpress_future_action":{"enabled":false,"date":"2026-04-23 16:46:49","action":"change-status","newStatus":"draft","terms":[],"taxonomy":"","extraData":[]},"publishpress_future_workflow_manual_trigger":{"enabledWorkflows":[]},"_links":{"self":[{"href":"https:\/\/igeo.ujk.edu.pl\/index.php\/wp-json\/wp\/v2\/pages\/115","targetHints":{"allow":["GET"]}}],"collection":[{"href":"https:\/\/igeo.ujk.edu.pl\/index.php\/wp-json\/wp\/v2\/pages"}],"about":[{"href":"https:\/\/igeo.ujk.edu.pl\/index.php\/wp-json\/wp\/v2\/types\/page"}],"author":[{"embeddable":true,"href":"https:\/\/igeo.ujk.edu.pl\/index.php\/wp-json\/wp\/v2\/users\/1"}],"replies":[{"embeddable":true,"href":"https:\/\/igeo.ujk.edu.pl\/index.php\/wp-json\/wp\/v2\/comments?post=115"}],"version-history":[{"count":13,"href":"https:\/\/igeo.ujk.edu.pl\/index.php\/wp-json\/wp\/v2\/pages\/115\/revisions"}],"predecessor-version":[{"id":688,"href":"https:\/\/igeo.ujk.edu.pl\/index.php\/wp-json\/wp\/v2\/pages\/115\/revisions\/688"}],"wp:attachment":[{"href":"https:\/\/igeo.ujk.edu.pl\/index.php\/wp-json\/wp\/v2\/media?parent=115"}],"curies":[{"name":"wp","href":"https:\/\/api.w.org\/{rel}","templated":true}]}}