{"id":1758,"date":"2026-02-17T10:49:29","date_gmt":"2026-02-17T09:49:29","guid":{"rendered":"https:\/\/igeo.ujk.edu.pl\/?page_id=1758"},"modified":"2026-02-17T15:13:50","modified_gmt":"2026-02-17T14:13:50","slug":"rafal-kozlowski-o-sobie","status":"publish","type":"page","link":"https:\/\/igeo.ujk.edu.pl\/index.php\/rafal-kozlowski-o-sobie\/","title":{"rendered":"Rafa\u0142 Koz\u0142owski &#8211; O sobie"},"content":{"rendered":"<p style=\"text-align: left;\"><span style=\"color: #000000;\"><strong>&nbsp; &nbsp; <\/strong><\/span><\/p>\n<p style=\"text-align: justify\"><strong>&nbsp; &nbsp; &nbsp; &nbsp; Doktor habilitowany<\/strong>&nbsp;nauk o Ziemi w zakresie geografii. Zainteresowania naukowe zwi\u0105zane z monitoringiem \u015brodowiska, wp\u0142ywem zanieczyszcze\u0144 powietrza na wybrane elementy \u015brodowiska przyrodniczego (gleby, powietrze, wody, lasy), jako\u015bci\u0105 w\u00f3d w r\u00f3\u017cnych strefach morfoklimatycznych, bioindykacj\u0105, a tak\u017ce przemianami (ilo\u015bci i jako\u015bci) opad\u00f3w atmosferycznych w lasach.<\/p>\n<p style=\"text-align: justify\">Autor licznych artyku\u0142\u00f3w z zakresu nauk o Ziemi i \u015brodowisku. Kierownik i uczestnik czterech projekt\u00f3w finansowanych przez Narodowe Centrum Nauki\/KBN. Aktualnie Kierownik Zespo\u0142u badawczego realizuj\u0105cego projekt OPUS LAP No. 2023\/51\/I\/NZ9\/01813&nbsp;<em>Czy jemio\u0142y to co\u015b wi\u0119cej ni\u017c ciekn\u0105cy kran w wysychaj\u0105cym \u015bwiecie? Ocena z\u0142o\u017conych oddzia\u0142ywa\u0144 hydrologicznych i biogeochemicznych jemio\u0142y na drzewa \u017cywicielskie i ich \u015brodowisko <\/em>realizowany przez Uniwersytet Rolniczy w Krakowie (Lider) oraz Uniwersytet Jana Kochanowskiego w Kielcach i Mendel University w Brnie (Czechy).<\/p>\n<p style=\"text-align: justify\">Bra\u0142 udzia\u0142 w wielu wyprawach naukowych (m.in. do Afryki, Ameryki Po\u0142udniowej, Australii, Azji, Spitsbergen), sta\u017cach i wizytach studyjnych (Uniwersytet w Lipsku \u2013 Niemcy, ESPAM MFL- Calceta,&nbsp;Ekwador).&nbsp;<\/p>\n<p style=\"text-align: justify\">Kierownik Stacji Bazowej Zintegrowanego Monitoringu \u015arodowiska Przyrodniczego \u0141ysog\u00f3ry, prowadz\u0105cej badania na zlecenie <em>G\u0142\u00f3wnego Inspektora Ochrony \u015arodowiska w Polsce<\/em> oraz w Europie w ramach <em>International Cooperative Programme on&nbsp;Integrated Monitoring of Air Pollution Effects on Ecosystems (ICP IM)<\/em>.<\/p>\n<p style=\"text-align: justify\">Kierownik Laboratorium Bada\u0144 \u015arodowiska w Centrum Bada\u0144 i Analiz Wydzia\u0142u Nauk \u015acis\u0142ych i Przyrodniczych Uniwersytetu Jana Kochanowskiego w Kielcach (akredytacja Polskiego Centrum Akredytacji nr AB1622 na pomiary st\u0119\u017cenia gaz\u00f3w i py\u0142\u00f3w w powietrzu atmosferycznym).<\/p>\n<p style=\"text-align: justify\">Kierownik ponad 20 projekt\u00f3w zleconych przez podmioty otoczenia spo\u0142eczno-gospodarczego w zakresie ocen oddzia\u0142ywania na \u015brodowisko, m.in. realizacja zadania pt. \u201e<em>Pomiar zanieczyszczenia powietrza atmosferycznego na terenie inwestycji pn. \u201eProjekt i budowa drogi ekspresowej S2 \u2013 Po\u0142udniowa Obwodnica Warszawy na odcinku od w\u0119z\u0142a \u201ePu\u0142awska\u201d do w\u0119z\u0142a \u201eLubelska\u201d w zakresie zadania A od w\u0119z\u0142a Pu\u0142awska (bez w\u0119z\u0142a) do w\u0119z\u0142a Przycz\u00f3\u0142kowa (bez w\u0119z\u0142a) o d\u0142ugo\u015bci ok. 4,6 km\u201d wraz z zamodelowaniem rozk\u0142adu zanieczyszcze\u0144 oraz opracowaniem wynik\u00f3w pomiar\u00f3w i sporz\u0105dzaniem analizy porealizacyjnej<\/em>\u201d realizowanej wsp\u00f3lnie z firm\u0105 Lemitor Ochrona \u015arodowiska i &nbsp;&nbsp;Instytutem Bada\u0144 Stosowanych Politechniki Warszawskiej sp. z o.o. dla Generalnej Dyrekcji Dr\u00f3g Krajowych i Autostrad w Warszawie.<\/p>\n<p style=\"text-align: justify\">Kierownik zespo\u0142u badawczego realizuj\u0105cego projekt pt. \u201e<em>Wykonanie bada\u0144 i oceny zanieczyszczenia powietrza podczas prac przygotowawczych dla inwestycji polegaj\u0105cej na budowie pierwszej w Polsce elektrowni j\u0105drowej o mocy maksymalnej do 3750 MWe, zlokalizowanej na terenie gminy Choczewo, w wojew\u00f3dztwie pomorskim, w lokalizacji Lubiatowo-Kopalino\u201d <\/em>we wsp\u00f3\u0142pracy z firm\u0105 Lemitor Ochrona \u015arodowiska na zlecenie Polskich Elektrowni J\u0105drowych sp. z o.o.<\/p>\n<p style=\"text-align: justify\">Promotor dw\u00f3ch rozpraw doktorskich z dyscypliny nauki o Ziemi i \u015brodowisku.<\/p>\n","protected":false},"excerpt":{"rendered":"<p>&nbsp; &nbsp; &nbsp; &nbsp; &nbsp; &nbsp; Doktor habilitowany&nbsp;nauk o Ziemi w zakresie geografii. Zainteresowania naukowe zwi\u0105zane z monitoringiem \u015brodowiska, wp\u0142ywem zanieczyszcze\u0144 powietrza na wybrane elementy \u015brodowiska przyrodniczego (gleby, powietrze, wody, lasy), jako\u015bci\u0105 w\u00f3d w r\u00f3\u017cnych strefach morfoklimatycznych, bioindykacj\u0105, a tak\u017ce przemianami (ilo\u015bci i jako\u015bci) opad\u00f3w atmosferycznych w lasach. Autor licznych artyku\u0142\u00f3w z zakresu nauk o [&hellip;]<\/p>\n","protected":false},"author":1,"featured_media":0,"parent":0,"menu_order":0,"comment_status":"closed","ping_status":"closed","template":"","meta":{"om_disable_all_campaigns":false,"_monsterinsights_skip_tracking":false,"_monsterinsights_sitenote_active":false,"_monsterinsights_sitenote_note":"","_monsterinsights_sitenote_category":0,"ngg_post_thumbnail":0,"footnotes":""},"class_list":["post-1758","page","type-page","status-publish","hentry"],"publishpress_future_action":{"enabled":false,"date":"2026-04-23 16:48:35","action":"change-status","newStatus":"draft","terms":[],"taxonomy":"","extraData":[]},"publishpress_future_workflow_manual_trigger":{"enabledWorkflows":[]},"_links":{"self":[{"href":"https:\/\/igeo.ujk.edu.pl\/index.php\/wp-json\/wp\/v2\/pages\/1758","targetHints":{"allow":["GET"]}}],"collection":[{"href":"https:\/\/igeo.ujk.edu.pl\/index.php\/wp-json\/wp\/v2\/pages"}],"about":[{"href":"https:\/\/igeo.ujk.edu.pl\/index.php\/wp-json\/wp\/v2\/types\/page"}],"author":[{"embeddable":true,"href":"https:\/\/igeo.ujk.edu.pl\/index.php\/wp-json\/wp\/v2\/users\/1"}],"replies":[{"embeddable":true,"href":"https:\/\/igeo.ujk.edu.pl\/index.php\/wp-json\/wp\/v2\/comments?post=1758"}],"version-history":[{"count":9,"href":"https:\/\/igeo.ujk.edu.pl\/index.php\/wp-json\/wp\/v2\/pages\/1758\/revisions"}],"predecessor-version":[{"id":1841,"href":"https:\/\/igeo.ujk.edu.pl\/index.php\/wp-json\/wp\/v2\/pages\/1758\/revisions\/1841"}],"wp:attachment":[{"href":"https:\/\/igeo.ujk.edu.pl\/index.php\/wp-json\/wp\/v2\/media?parent=1758"}],"curies":[{"name":"wp","href":"https:\/\/api.w.org\/{rel}","templated":true}]}}