{"id":1824,"date":"2026-02-17T13:43:49","date_gmt":"2026-02-17T12:43:49","guid":{"rendered":"https:\/\/igeo.ujk.edu.pl\/?page_id=1824"},"modified":"2026-02-17T13:43:49","modified_gmt":"2026-02-17T12:43:49","slug":"aneta-kozlowska-o-sobie","status":"publish","type":"page","link":"https:\/\/igeo.ujk.edu.pl\/index.php\/aneta-kozlowska-o-sobie\/","title":{"rendered":"Aneta Koz\u0142owska &#8211; O sobie"},"content":{"rendered":"<p><span style=\"font-family: 'Calibri',sans-serif;\">Magister geografii, specjalizuj\u0105ca si\u0119 w zarz\u0105dzaniu \u015brodowiskowym i zarz\u0105dzaniu jako\u015bci\u0105.<\/span><\/p>\n<p><span style=\"font-family: 'Calibri',sans-serif;\">Pe\u0142nomocnik i Audytor ds. zarz\u0105dzania jako\u015bci\u0105 ISO 9001 oraz Pe\u0142nomocnik i Audytor wewn\u0119trzny systemu zarz\u0105dzania \u015brodowiskowego ISO 14001.<\/span><\/p>\n<p><span style=\"font-family: 'Calibri',sans-serif;\">Specjalista ds. zarz\u0105dzania jako\u015bci\u0105 w Pracowni Bada\u0144 \u015arodowiskowych Centrum Bada\u0144 i Analiz Wydzia\u0142u Nauk Przyrodniczych Uniwersytetu Jana Kochanowskiego w Kielcach (akredytacja Polskiego Centrum Akredytacji nr AB1622).<\/span><\/p>\n<p><span style=\"font-family: 'Calibri',sans-serif;\">Uczestnik kluczowych projekt\u00f3w zleconych przez Generaln\u0105 Dyrekcj\u0119 Dr\u00f3g Krajowych i Autostrad w zakresie ocen oddzia\u0142ywania na \u015brodowisko. Cz\u0142onek zespo\u0142u realizuj\u0105cego projekt pt. \u201e<i>Wykonanie bada\u0144 i oceny zanieczyszczenia powietrza podczas prac przygotowawczych dla inwestycji polegaj\u0105cej na budowie pierwszej w Polsce elektrowni j\u0105drowej o mocy maksymalnej do 3750 MWe, zlokalizowanej na terenie gminy Choczewo, w wojew\u00f3dztwie pomorskim, w lokalizacji Lubiatowo-Kopalino\u201d&nbsp;<\/i>na zlecenie Polskich Elektrowni J\u0105drowych Sp. z o.o.<\/span><\/p>\n","protected":false},"excerpt":{"rendered":"<p>Magister geografii, specjalizuj\u0105ca si\u0119 w zarz\u0105dzaniu \u015brodowiskowym i zarz\u0105dzaniu jako\u015bci\u0105. Pe\u0142nomocnik i Audytor ds. zarz\u0105dzania jako\u015bci\u0105 ISO 9001 oraz Pe\u0142nomocnik i Audytor wewn\u0119trzny systemu zarz\u0105dzania \u015brodowiskowego ISO 14001. Specjalista ds. zarz\u0105dzania jako\u015bci\u0105 w Pracowni Bada\u0144 \u015arodowiskowych Centrum Bada\u0144 i Analiz Wydzia\u0142u Nauk Przyrodniczych Uniwersytetu Jana Kochanowskiego w Kielcach (akredytacja Polskiego Centrum Akredytacji nr AB1622). Uczestnik [&hellip;]<\/p>\n","protected":false},"author":1,"featured_media":0,"parent":0,"menu_order":0,"comment_status":"closed","ping_status":"closed","template":"","meta":{"om_disable_all_campaigns":false,"_monsterinsights_skip_tracking":false,"_monsterinsights_sitenote_active":false,"_monsterinsights_sitenote_note":"","_monsterinsights_sitenote_category":0,"ngg_post_thumbnail":0,"footnotes":""},"class_list":["post-1824","page","type-page","status-publish","hentry"],"publishpress_future_action":{"enabled":false,"date":"2026-04-17 00:57:36","action":"change-status","newStatus":"draft","terms":[],"taxonomy":"","extraData":[]},"publishpress_future_workflow_manual_trigger":{"enabledWorkflows":[]},"_links":{"self":[{"href":"https:\/\/igeo.ujk.edu.pl\/index.php\/wp-json\/wp\/v2\/pages\/1824","targetHints":{"allow":["GET"]}}],"collection":[{"href":"https:\/\/igeo.ujk.edu.pl\/index.php\/wp-json\/wp\/v2\/pages"}],"about":[{"href":"https:\/\/igeo.ujk.edu.pl\/index.php\/wp-json\/wp\/v2\/types\/page"}],"author":[{"embeddable":true,"href":"https:\/\/igeo.ujk.edu.pl\/index.php\/wp-json\/wp\/v2\/users\/1"}],"replies":[{"embeddable":true,"href":"https:\/\/igeo.ujk.edu.pl\/index.php\/wp-json\/wp\/v2\/comments?post=1824"}],"version-history":[{"count":1,"href":"https:\/\/igeo.ujk.edu.pl\/index.php\/wp-json\/wp\/v2\/pages\/1824\/revisions"}],"predecessor-version":[{"id":1825,"href":"https:\/\/igeo.ujk.edu.pl\/index.php\/wp-json\/wp\/v2\/pages\/1824\/revisions\/1825"}],"wp:attachment":[{"href":"https:\/\/igeo.ujk.edu.pl\/index.php\/wp-json\/wp\/v2\/media?parent=1824"}],"curies":[{"name":"wp","href":"https:\/\/api.w.org\/{rel}","templated":true}]}}