{"id":198,"date":"2023-05-30T09:11:32","date_gmt":"2023-05-30T07:11:32","guid":{"rendered":"https:\/\/igeo.ujk.edu.pl\/home\/?page_id=198"},"modified":"2024-02-20T13:23:23","modified_gmt":"2024-02-20T12:23:23","slug":"turystyka-zrownowazona","status":"publish","type":"page","link":"https:\/\/igeo.ujk.edu.pl\/index.php\/turystyka-zrownowazona\/","title":{"rendered":"Turystyka zr\u00f3wnowa\u017cona"},"content":{"rendered":"<h3>&nbsp;<\/h3>\n<h3 style=\"text-align: justify;\"><strong>Turystyka zr\u00f3wnowa\u017cona studia II stopnia (magisterskie)<\/strong><\/h3>\n<p style=\"text-align: justify;\">Studia II stopnia na kierunku Turystyka zr\u00f3wnowa\u017cona o profilu og\u00f3lnoakademickim prowadzone s\u0105 zgodnie z wymogami Polskiej Ramy Kwalifikacji oraz zgodnie z misj\u0105 Uniwersytetu Jana Kochanowskiego w Kielcach i polityk\u0105 jako\u015bci kszta\u0142cenia. Absolwent studi\u00f3w w ci\u0105gu 4 semestr\u00f3w nauki rozszerzy wiedz\u0119 i rozwinie umiej\u0119tno\u015bci w zakresie dyscypliny geografia spo\u0142eczno-ekonomiczna i gospodarka przestrzenna przygotowuj\u0105ce do pracy zawodowej i naukowej w zakresie turystyki zr\u00f3wnowa\u017conej. Absolwent w pog\u0142\u0119bionym stopniu zna i rozumie g\u0142\u00f3wne tendencje rozwojowe turystyki zr\u00f3wnowa\u017conej a tak\u017ce zwi\u0105zane z nimi fakty, obiekty, zjawiska oraz metody bada\u0144 i teorie wyja\u015bniaj\u0105ce; fundamentalne dylematy wsp\u00f3\u0142czesnej cywilizacji warunkuj\u0105ce rozw\u00f3j turystyki zr\u00f3wnowa\u017conej; ekonomiczne, prawne, etyczne i inne uwarunkowania dzia\u0142alno\u015bci zawodowej w zakresie turystyki zr\u00f3wnowa\u017conej, w tym zasady ochrony w\u0142asno\u015bci przemys\u0142owej i prawa autorskiego; podstawowe zasady tworzenia i rozwoju r\u00f3\u017cnych form przedsi\u0119biorczo\u015bci. Ponadto absolwent zna i rozumie zasady audytu jako\u015bci w instytucjach zwi\u0105zanych z turystyk\u0105 zr\u00f3wnowa\u017con\u0105. Absolwent jest osob\u0105 kompetentn\u0105 w zakresie poznawania, rozumienia i interpretowania zasad funkcjonowania turystyki zr\u00f3wnowa\u017conej w uj\u0119ciu globalnym, krajowym, regionalnym i lokalnym. Potrafi wykorzysta\u0107 posiadan\u0105 wiedz\u0119 do planowania bada\u0144 naukowych, formu\u0142owania i rozwi\u0105zywania problem\u00f3w, stawiania i testowania hipotez z obszaru turystyki zr\u00f3wnowa\u017conej, dzi\u0119ki nabytym umiej\u0119tno\u015bciom w\u0142a\u015bciwego doboru \u017ar\u00f3de\u0142, ich krytycznej analizy, syntezy i tw\u00f3rczej interpretacji oraz stosowania w\u0142a\u015bciwych metod i narz\u0119dzi, w tym zaawansowanych technik informacyjno-komunikacyjnych. Absolwent pos\u0142uguje si\u0119 j\u0119zykiem obcym na poziomie B2+ ESOKJ, w tym operuje specjalistyczn\u0105 terminologi\u0105 zwi\u0105zan\u0105 z turystyk\u0105 zr\u00f3wnowa\u017con\u0105. Potrafi wsp\u00f3\u0142dzia\u0142a\u0107 z innymi osobami w ramach prac zespo\u0142owych i kierowa\u0107 prac\u0105 zespo\u0142u. Posiada umiej\u0119tno\u015b\u0107 samodzielnego planowania i realizowania w\u0142asnego procesu uczenia si\u0119 przez ca\u0142e \u017cycie. Absolwent jest got\u00f3w do: krytycznej oceny posiadanej wiedzy; doceniania znaczenia wiedzy w rozwi\u0105zywaniu problem\u00f3w poznawczych i praktycznych oraz zasi\u0119gania opinii ekspert\u00f3w w przypadku trudno\u015bci z samodzielnym rozwi\u0105zaniem z\u0142o\u017conych, interdyscyplinarnych problem\u00f3w; wype\u0142niania zobowi\u0105za\u0144 spo\u0142ecznych; inicjowania dzia\u0142a\u0144 na rzecz interesu publicznego, my\u015blenia i dzia\u0142ania w spos\u00f3b przedsi\u0119biorczy; odpowiedzialnego pe\u0142nienia r\u00f3\u017cnych r\u00f3l zawodowych.<\/p>\n<p style=\"text-align: justify;\">Uzyskany tytu\u0142 zawodowy daje mo\u017cliwo\u015b\u0107 ubiegania si\u0119 o przyj\u0119cie na studia III stopnia oraz podnoszenia kwalifikacji na studiach podyplomowych. Ponadto absolwent studi\u00f3w II stopnia na kierunku Turystyka zr\u00f3wnowa\u017cona prowadzonych w UJK w Kielcach uzyskuje prawo przyst\u0105pienia do egzaminu umo\u017cliwiaj\u0105cego uzyskanie certyfikatu Audytor Jako\u015bci ISO 2000.<\/p>\n<p style=\"text-align: justify;\">Miejscem pracy absolwent\u00f3w mog\u0105 by\u0107 regionalne organizacje turystyczne i oddzia\u0142y PTTK, biura podr\u00f3\u017cy i agencje turystyczne, turystyczne organizacje non-profit, o\u015brodki wypoczynkowe, sportowe i rekreacyjne, jednostki samorz\u0105du terytorialnego r\u00f3\u017cnego szczebla (urz\u0119dy miasta, urz\u0119dy wojew\u00f3dzkie i marsza\u0142kowskie, urz\u0119dy gminy, starostwa powiatowe).<\/p>\n","protected":false},"excerpt":{"rendered":"<p>&nbsp; Turystyka zr\u00f3wnowa\u017cona studia II stopnia (magisterskie) Studia II stopnia na kierunku Turystyka zr\u00f3wnowa\u017cona o profilu og\u00f3lnoakademickim prowadzone s\u0105 zgodnie z wymogami Polskiej Ramy Kwalifikacji oraz zgodnie z misj\u0105 Uniwersytetu Jana Kochanowskiego w Kielcach i polityk\u0105 jako\u015bci kszta\u0142cenia. Absolwent studi\u00f3w w ci\u0105gu 4 semestr\u00f3w nauki rozszerzy wiedz\u0119 i rozwinie umiej\u0119tno\u015bci w zakresie dyscypliny geografia spo\u0142eczno-ekonomiczna [&hellip;]<\/p>\n","protected":false},"author":1,"featured_media":0,"parent":0,"menu_order":0,"comment_status":"closed","ping_status":"closed","template":"","meta":{"om_disable_all_campaigns":false,"_monsterinsights_skip_tracking":false,"_monsterinsights_sitenote_active":false,"_monsterinsights_sitenote_note":"","_monsterinsights_sitenote_category":0,"ngg_post_thumbnail":0,"footnotes":""},"class_list":["post-198","page","type-page","status-publish","hentry"],"publishpress_future_action":{"enabled":false,"date":"2026-04-23 15:26:44","action":"change-status","newStatus":"draft","terms":[],"taxonomy":"","extraData":[]},"publishpress_future_workflow_manual_trigger":{"enabledWorkflows":[]},"_links":{"self":[{"href":"https:\/\/igeo.ujk.edu.pl\/index.php\/wp-json\/wp\/v2\/pages\/198","targetHints":{"allow":["GET"]}}],"collection":[{"href":"https:\/\/igeo.ujk.edu.pl\/index.php\/wp-json\/wp\/v2\/pages"}],"about":[{"href":"https:\/\/igeo.ujk.edu.pl\/index.php\/wp-json\/wp\/v2\/types\/page"}],"author":[{"embeddable":true,"href":"https:\/\/igeo.ujk.edu.pl\/index.php\/wp-json\/wp\/v2\/users\/1"}],"replies":[{"embeddable":true,"href":"https:\/\/igeo.ujk.edu.pl\/index.php\/wp-json\/wp\/v2\/comments?post=198"}],"version-history":[{"count":3,"href":"https:\/\/igeo.ujk.edu.pl\/index.php\/wp-json\/wp\/v2\/pages\/198\/revisions"}],"predecessor-version":[{"id":710,"href":"https:\/\/igeo.ujk.edu.pl\/index.php\/wp-json\/wp\/v2\/pages\/198\/revisions\/710"}],"wp:attachment":[{"href":"https:\/\/igeo.ujk.edu.pl\/index.php\/wp-json\/wp\/v2\/media?parent=198"}],"curies":[{"name":"wp","href":"https:\/\/api.w.org\/{rel}","templated":true}]}}