{"id":246,"date":"2023-05-30T11:56:38","date_gmt":"2023-05-30T09:56:38","guid":{"rendered":"https:\/\/igeo.ujk.edu.pl\/home\/?page_id=246"},"modified":"2025-10-15T10:32:48","modified_gmt":"2025-10-15T08:32:48","slug":"studenckie-praktyki-zawodowe","status":"publish","type":"page","link":"https:\/\/igeo.ujk.edu.pl\/index.php\/studenckie-praktyki-zawodowe\/","title":{"rendered":"Studenckie praktyki zawodowe"},"content":{"rendered":"<h2>Studenckie praktyki zawodowe<\/h2>\n<p style=\"text-align: justify;\"><b>1.<\/b> Regulamin organizacyjny studenckich praktyk zawodowych <a href=\"https:\/\/igeo.ujk.edu.pl\/wp-content\/uploads\/pliki\/Studenci\/Studenckie praktyki zawodowe\/REGULAMIN ORGANIZACYJNY STUDENCKICH PRAKTYK ZAWODOWYCH.doc\" target=\"_blank\" rel=\"noopener\"> <span style=\"color: #3366ff;\">Plik<\/span><\/a><br \/>\n<b>2.<\/b> Porozumienie dotycz\u0105ce studenckich praktyk zawodowych <a href=\"https:\/\/igeo.ujk.edu.pl\/wp-content\/uploads\/pliki\/Studenci\/Studenckie praktyki zawodowe\/Zalacznik 2.doc\" target=\"_blank\" rel=\"noopener\"> <span style=\"color: #3366ff;\">Plik<\/span><\/a><br \/>\n<b>3.<\/b> Wz\u00f3r wniosku o przyj\u0119cie na studenckie praktyki zawodowe <a href=\"https:\/\/igeo.ujk.edu.pl\/wp-content\/uploads\/pliki\/Studenci\/Studenckie praktyki zawodowe\/Zalacznik 8.doc\" target=\"_blank\" rel=\"noopener\"> <span style=\"color: #3366ff;\">Plik<\/span><\/a><br \/>\n<b>4.<\/b> Karta informacyjna z przebiegu studenckich praktyk zawodowych <a href=\"https:\/\/igeo.ujk.edu.pl\/wp-content\/uploads\/pliki\/Studenci\/Studenckie praktyki zawodowe\/Karta inf. z przeb. prak. zaw.doc\" target=\"_blank\" rel=\"noopener\"> <span style=\"color: #3366ff;\">Plik<\/span><\/a><br \/>\n<b>5.<\/b> Za\u015bwiadczenie o odbyciu studenckich praktyk zawodowych <a href=\"https:\/\/igeo.ujk.edu.pl\/wp-content\/uploads\/pliki\/Studenci\/Studenckie praktyki zawodowe\/Zalacznik 16.doc\" target=\"_blank\" rel=\"noopener\"> <span style=\"color: #3366ff;\">Plik<\/span><\/a><br \/>\n<b>6.<\/b> Dziennik praktyk <a href=\"https:\/\/igeo.ujk.edu.pl\/wp-content\/uploads\/pliki\/Studenci\/Studenckie praktyki zawodowe\/dziennik.docx\" target=\"_blank\" rel=\"noopener\"> <span style=\"color: #3366ff;\">Plik<\/span><\/a><\/p>\n<p>&nbsp;<\/p>\n<h2>Praktyki zawodowe TiR<\/h2>\n<p><b>1.<\/b> REGULAMIN PRAKTYK ZAWODOWYCH TIR <a href=\"https:\/\/praktyki.ujk.edu.pl\/pliki-do-pobrania\/\"><span style=\"color: #3366ff;\"> Plik<\/span><\/a><br \/>\n<b>2.<\/b> INSTRUKCJA PRAKTYK ZAWODOWYCH <span style=\"color: #3366ff;\"><a style=\"color: #3366ff;\" href=\"https:\/\/igeo.ujk.edu.pl\/wp-content\/uploads\/pliki\/Studia\/Turystyka_i_Rekreacja\/praktyki_zawodowe-TiR\/INSTRUKCJA_PRAKTYK_ZAWODOWYCH_TiR.pdf\" target=\"_blank\" rel=\"noopener\"> Plik<\/a><\/span><br \/>\n<b>3.<\/b> Procedura post\u0119powania z dokumentami dotycz\u0105cymi realizacji praktyk zawodowych <a href=\"https:\/\/praktyki.ujk.edu.pl\/pliki-do-pobrania\/\"><span style=\"color: #3366ff;\"> Plik<\/span><\/a><br \/>\n<b>4.<\/b> DOKUMENTY DOTYCZ\u0104CE PRAKTYKI ZAWODOWEJ (PDF) <a href=\"https:\/\/praktyki.ujk.edu.pl\/pliki-do-pobrania\/\"><span style=\"color: #3366ff;\"> Plik<\/span><\/a><br \/>\n<b>5.<\/b> DOKUMENTY DOTYCZ\u0104CE PRAKTYKI ZAWODOWEJ (DOCX) <a href=\"https:\/\/praktyki.ujk.edu.pl\/pliki-do-pobrania\/\"><span style=\"color: #3366ff;\"> Plik<\/span><\/a><\/p>\n<p>&nbsp;<\/p>\n","protected":false},"excerpt":{"rendered":"<p>Studenckie praktyki zawodowe 1. Regulamin organizacyjny studenckich praktyk zawodowych Plik 2. Porozumienie dotycz\u0105ce studenckich praktyk zawodowych Plik 3. Wz\u00f3r wniosku o przyj\u0119cie na studenckie praktyki zawodowe Plik 4. Karta informacyjna z przebiegu studenckich praktyk zawodowych Plik 5. Za\u015bwiadczenie o odbyciu studenckich praktyk zawodowych Plik 6. Dziennik praktyk Plik &nbsp; Praktyki zawodowe TiR 1. REGULAMIN PRAKTYK [&hellip;]<\/p>\n","protected":false},"author":1,"featured_media":0,"parent":0,"menu_order":0,"comment_status":"closed","ping_status":"closed","template":"","meta":{"om_disable_all_campaigns":false,"_monsterinsights_skip_tracking":false,"_monsterinsights_sitenote_active":false,"_monsterinsights_sitenote_note":"","_monsterinsights_sitenote_category":0,"ngg_post_thumbnail":0,"footnotes":""},"class_list":["post-246","page","type-page","status-publish","hentry"],"publishpress_future_action":{"enabled":false,"date":"2026-04-23 15:12:47","action":"change-status","newStatus":"draft","terms":[],"taxonomy":"","extraData":[]},"publishpress_future_workflow_manual_trigger":{"enabledWorkflows":[]},"_links":{"self":[{"href":"https:\/\/igeo.ujk.edu.pl\/index.php\/wp-json\/wp\/v2\/pages\/246","targetHints":{"allow":["GET"]}}],"collection":[{"href":"https:\/\/igeo.ujk.edu.pl\/index.php\/wp-json\/wp\/v2\/pages"}],"about":[{"href":"https:\/\/igeo.ujk.edu.pl\/index.php\/wp-json\/wp\/v2\/types\/page"}],"author":[{"embeddable":true,"href":"https:\/\/igeo.ujk.edu.pl\/index.php\/wp-json\/wp\/v2\/users\/1"}],"replies":[{"embeddable":true,"href":"https:\/\/igeo.ujk.edu.pl\/index.php\/wp-json\/wp\/v2\/comments?post=246"}],"version-history":[{"count":12,"href":"https:\/\/igeo.ujk.edu.pl\/index.php\/wp-json\/wp\/v2\/pages\/246\/revisions"}],"predecessor-version":[{"id":1494,"href":"https:\/\/igeo.ujk.edu.pl\/index.php\/wp-json\/wp\/v2\/pages\/246\/revisions\/1494"}],"wp:attachment":[{"href":"https:\/\/igeo.ujk.edu.pl\/index.php\/wp-json\/wp\/v2\/media?parent=246"}],"curies":[{"name":"wp","href":"https:\/\/api.w.org\/{rel}","templated":true}]}}