{"id":279,"date":"2023-05-30T14:04:43","date_gmt":"2023-05-30T12:04:43","guid":{"rendered":"https:\/\/igeo.ujk.edu.pl\/home\/?page_id=279"},"modified":"2026-03-19T14:36:19","modified_gmt":"2026-03-19T13:36:19","slug":"279-2","status":"publish","type":"page","link":"https:\/\/igeo.ujk.edu.pl\/index.php\/279-2\/","title":{"rendered":"Konsultacje"},"content":{"rendered":"<h3>sesja 2025\/2026<\/h3>\n<p>&nbsp;<\/p>\n<p><span style=\"color: #008080;\"><strong>Ba\u0144ski Jerzy<\/strong><\/span><br \/>\n<span hidden=\"\"><span style=\"color: #ff0000;\">3.02 &#8211; 10.00-13.00<\/span><\/span><br \/>\np.344<\/p>\n<p><span style=\"color: #008080;\"><strong>Sergii Bortnyk<\/strong><\/span><br \/>\n1.04 &#8211; 10.00-10.45<br \/>\n15.04; 29.04; 13.05; 27.05; 10.06 &#8211; 18.15-19.00<br \/>\np.345A<\/p>\n<p><span style=\"color: #008080;\"><strong>Brambert Patryk<\/strong><\/span><br \/>\nczwartek 8.00-10.00<br \/>\np.445<\/p>\n<p><span style=\"color: #008080;\"><strong>Cepil Monika<\/strong><\/span><br \/>\n\u015broda 9.30-11.15<br \/>\np.518<\/p>\n<p><span style=\"color: #008080;\"><strong>Ciupa Tadeusz<\/strong><\/span><br \/>\n<span style=\"color: #000000;\">poniedzia\u0142ek 13.14-14.45<\/span><br \/>\np. 138 lub 139<\/p>\n<p><span style=\"color: #008080;\"><strong>Dybska-Jak\u00f3bkiewicz Irena<\/strong><\/span><br \/>\n\u015broda 11.30-12.30<br \/>\np.541<\/p>\n<p><span style=\"color: #008080;\"><strong>Dzieka\u0144ski Pawe\u0142<\/strong><\/span><br \/>\nponiedzia\u0142ek 8.30-9.30<br \/>\np.416<\/p>\n<p><span style=\"color: #008080;\"><strong>Fr\u0105czek Marcin<\/strong><\/span><br \/>\nWtorek 13.15-14.15<br \/>\np.345<\/p>\n<p><span style=\"color: #008080;\"><strong>G\u00f3rska-Zabielska Maria<\/strong><\/span><br \/>\n<span style=\"color: #000000;\">\u015broda 18.00-19.00<\/span><br \/>\n<span style=\"color: #000000;\">lub w innym terminie, po wcze\u015bniejszym uzgodnieniu drog\u0105 mailow\u0105<\/span><br \/>\nbud. G p.A315<\/p>\n<p><span style=\"color: #008080;\"><strong>Jastrz\u0119bski Cezary<\/strong><\/span><br \/>\n<span style=\"color: #000000;\">wtorek 12.00-13.00<\/span><br \/>\np.519A<\/p>\n<p><span style=\"color: #008080;\"><strong>Kalicki Tomasz<\/strong><\/span><br \/>\nczwartek 16.30-17.30<br \/>\np.543A<\/p>\n<p><span style=\"color: #008080;\"><strong>Kami\u0144ska Wioletta<\/strong><\/span><br \/>\n<span style=\"color: #000000;\">czwartek 12.00-13.00<\/span><br \/>\np.113<\/p>\n<p><span style=\"color: #008080;\"><strong>Kiniorska Iwona<\/strong><\/span><br \/>\n<span style=\"color: #000000;\">\u015broda 9.30-11.00<\/span><br \/>\np.415A<\/p>\n<p><span style=\"color: #008080;\"><strong>Kopacz-Wyrwa\u0142 Iwona<\/strong><\/span><br \/>\nczwartek 11.30-13.00<br \/>\np.414<\/p>\n<p><span style=\"color: #008080;\"><strong>Koz\u0142owska 11.30-13.00Aneta<\/strong><\/span><br \/>\nwtorek 10.00-11.00<br \/>\nbud. G p.A413<\/p>\n<p><span style=\"color: #008080;\"><strong>Koz\u0142owski Rafa\u0142<\/strong><\/span><br \/>\n\u015broda 8.30-9.30<br \/>\nbud. G p.A405<\/p>\n<p><span style=\"color: #008080;\"><strong>Ludwikowska-K\u0119dzia Ma\u0142gorzata<\/strong><\/span><br \/>\n\u015broda 16.45-18.15<br \/>\nbud. G p.A317<\/p>\n<p><span style=\"color: #008080;\"><strong>Mularczyk Miros\u0142aw<\/strong><\/span><br \/>\n\u015broda 10.00-11.30<br \/>\np.540a<\/p>\n<p><span style=\"color: #008080;\"><strong>Petrus Barbara<\/strong><\/span><br \/>\nponiedzia\u0142ek 16.00-17.00<br \/>\np.214<\/p>\n<p><span style=\"color: #008080;\"><strong>Przepi\u00f3ra Pawe\u0142<\/strong><\/span><br \/>\nczwartek 13.00-14.00<br \/>\np.348<\/p>\n<p><span style=\"color: #008080;\"><strong>Przybylska Joanna<\/strong><\/span><br \/>\n\u015broda 12.15-13.15<br \/>\np.A412 bud.G<\/p>\n<p><span style=\"color: #008080;\"><strong>Przyby\u0142o-Kisielewska Karina<\/strong><\/span><br \/>\n<span style=\"color: #000000;\">poniedzia\u0142ek 11.15-12.00<\/span><br \/>\np.446<\/p>\n<p><span style=\"color: #008080;\"><strong>Suligowski Roman<\/strong><\/span><br \/>\nczwartek 8.30-9.30<br \/>\np.A218 bud.G<\/p>\n<p><span style=\"color: #008080;\"><strong>Szwed Miros\u0142aw<\/strong><\/span><br \/>\n<span style=\"color: #ff0000;\"><span style=\"color: #000000;\">wtorek 11.30-12.30<\/span><\/span><br \/>\n&nbsp;p.A411 bud. G<\/p>\n<p><span style=\"color: #008080;\"><strong>\u015awiercz Anna<\/strong><\/span><br \/>\n\u015broda 8.30-9.30<br \/>\n&nbsp;p.A205 bud. G<\/p>\n<p><span style=\"color: #008080;\"><strong>Wa\u0142ek Grzegorz<\/strong><\/span><br \/>\n<span style=\"color: #000000;\">\u015broda 13.15-14.45<\/span><br \/>\np.A216 bud. G<\/p>\n<p><span style=\"color: #008080;\"><strong>Zieli\u0144ski Artur<\/strong><\/span><br \/>\np.239<\/p>\n<p><span style=\"color: #008080;\"><strong>\u017belezik Monika<\/strong><\/span><br \/>\nczwartek 11.30-13.00<br \/>\np.A 412 bud. G<\/p>\n<p>&nbsp;<\/p>\n<p>&nbsp;<\/p>\n","protected":false},"excerpt":{"rendered":"<p>sesja 2025\/2026 &nbsp; Ba\u0144ski Jerzy 3.02 &#8211; 10.00-13.00 p.344 Sergii Bortnyk 1.04 &#8211; 10.00-10.45 15.04; 29.04; 13.05; 27.05; 10.06 &#8211; 18.15-19.00 p.345A Brambert Patryk czwartek 8.00-10.00 p.445 Cepil Monika \u015broda 9.30-11.15 p.518 Ciupa Tadeusz poniedzia\u0142ek 13.14-14.45 p. 138 lub 139 Dybska-Jak\u00f3bkiewicz Irena \u015broda 11.30-12.30 p.541 Dzieka\u0144ski Pawe\u0142 poniedzia\u0142ek 8.30-9.30 p.416 Fr\u0105czek Marcin Wtorek 13.15-14.15 p.345 [&hellip;]<\/p>\n","protected":false},"author":1,"featured_media":0,"parent":0,"menu_order":0,"comment_status":"closed","ping_status":"closed","template":"","meta":{"om_disable_all_campaigns":false,"_monsterinsights_skip_tracking":false,"_monsterinsights_sitenote_active":false,"_monsterinsights_sitenote_note":"","_monsterinsights_sitenote_category":0,"ngg_post_thumbnail":0,"footnotes":""},"class_list":["post-279","page","type-page","status-publish","hentry"],"publishpress_future_action":{"enabled":false,"date":"2026-04-16 23:30:27","action":"change-status","newStatus":"draft","terms":[],"taxonomy":"","extraData":[]},"publishpress_future_workflow_manual_trigger":{"enabledWorkflows":[]},"_links":{"self":[{"href":"https:\/\/igeo.ujk.edu.pl\/index.php\/wp-json\/wp\/v2\/pages\/279","targetHints":{"allow":["GET"]}}],"collection":[{"href":"https:\/\/igeo.ujk.edu.pl\/index.php\/wp-json\/wp\/v2\/pages"}],"about":[{"href":"https:\/\/igeo.ujk.edu.pl\/index.php\/wp-json\/wp\/v2\/types\/page"}],"author":[{"embeddable":true,"href":"https:\/\/igeo.ujk.edu.pl\/index.php\/wp-json\/wp\/v2\/users\/1"}],"replies":[{"embeddable":true,"href":"https:\/\/igeo.ujk.edu.pl\/index.php\/wp-json\/wp\/v2\/comments?post=279"}],"version-history":[{"count":87,"href":"https:\/\/igeo.ujk.edu.pl\/index.php\/wp-json\/wp\/v2\/pages\/279\/revisions"}],"predecessor-version":[{"id":1902,"href":"https:\/\/igeo.ujk.edu.pl\/index.php\/wp-json\/wp\/v2\/pages\/279\/revisions\/1902"}],"wp:attachment":[{"href":"https:\/\/igeo.ujk.edu.pl\/index.php\/wp-json\/wp\/v2\/media?parent=279"}],"curies":[{"name":"wp","href":"https:\/\/api.w.org\/{rel}","templated":true}]}}