{"id":364,"date":"2023-06-01T09:37:37","date_gmt":"2023-06-01T07:37:37","guid":{"rendered":"https:\/\/igeo.ujk.edu.pl\/home\/?page_id=364"},"modified":"2024-12-04T13:45:12","modified_gmt":"2024-12-04T12:45:12","slug":"formularze","status":"publish","type":"page","link":"https:\/\/igeo.ujk.edu.pl\/index.php\/formularze\/","title":{"rendered":"Formularze"},"content":{"rendered":"<ul>\n<li>Arkusz hospitacji <a href=\"https:\/\/igeo.ujk.edu.pl\/wp-content\/uploads\/pliki\/Jakosc_ksztalcenia\/druk hospitacji.pdf\" target=\"_blank\" rel=\"noopener\"><span style=\"color: #3366ff;\"> Plik PDF<\/span><\/a><\/li>\n<li>Formularz prze\u0142o\u017cenia zaj\u0119\u0107 <a href=\"https:\/\/igeo.ujk.edu.pl\/wp-content\/uploads\/pliki\/Jakosc_ksztalcenia\/PRZELOZENIE_ZAJEC_dydaktycznych.pdf\" target=\"_blank\" rel=\"noopener\"><span style=\"color: #3366ff;\"> Plik<\/span> <span style=\"color: #3366ff;\">PDF<\/span><\/a><\/li>\n<\/ul>\n","protected":false},"excerpt":{"rendered":"<p>Arkusz hospitacji Plik PDF Formularz prze\u0142o\u017cenia zaj\u0119\u0107 Plik PDF<\/p>\n","protected":false},"author":1,"featured_media":0,"parent":0,"menu_order":0,"comment_status":"closed","ping_status":"closed","template":"","meta":{"om_disable_all_campaigns":false,"_monsterinsights_skip_tracking":false,"_monsterinsights_sitenote_active":false,"_monsterinsights_sitenote_note":"","_monsterinsights_sitenote_category":0,"ngg_post_thumbnail":0,"footnotes":""},"class_list":["post-364","page","type-page","status-publish","hentry"],"publishpress_future_action":{"enabled":false,"date":"2026-04-23 15:15:46","action":"change-status","newStatus":"draft","terms":[],"taxonomy":"","extraData":[]},"publishpress_future_workflow_manual_trigger":{"enabledWorkflows":[]},"_links":{"self":[{"href":"https:\/\/igeo.ujk.edu.pl\/index.php\/wp-json\/wp\/v2\/pages\/364","targetHints":{"allow":["GET"]}}],"collection":[{"href":"https:\/\/igeo.ujk.edu.pl\/index.php\/wp-json\/wp\/v2\/pages"}],"about":[{"href":"https:\/\/igeo.ujk.edu.pl\/index.php\/wp-json\/wp\/v2\/types\/page"}],"author":[{"embeddable":true,"href":"https:\/\/igeo.ujk.edu.pl\/index.php\/wp-json\/wp\/v2\/users\/1"}],"replies":[{"embeddable":true,"href":"https:\/\/igeo.ujk.edu.pl\/index.php\/wp-json\/wp\/v2\/comments?post=364"}],"version-history":[{"count":4,"href":"https:\/\/igeo.ujk.edu.pl\/index.php\/wp-json\/wp\/v2\/pages\/364\/revisions"}],"predecessor-version":[{"id":774,"href":"https:\/\/igeo.ujk.edu.pl\/index.php\/wp-json\/wp\/v2\/pages\/364\/revisions\/774"}],"wp:attachment":[{"href":"https:\/\/igeo.ujk.edu.pl\/index.php\/wp-json\/wp\/v2\/media?parent=364"}],"curies":[{"name":"wp","href":"https:\/\/api.w.org\/{rel}","templated":true}]}}